 Does 33 divide 2/i - (-2 + 596/(-12))?
False
Let d(f) = -3*f**3 - 8*f**2 + 12*f - 166. Is d(-11) a multiple of 4?
False
Suppose 0 = 6*l + 220 + 380. Let x be 2/(-5) - (0 + 1716/10). Let o = l - x. Is 9 a factor of o?
True
Let i = -24 - -3. Let w = 243 - i. Does 17 divide w?
False
Let q = 2787 - -1666. Is 21 a factor of q?
False
Suppose -19070 = 19*f - 29*f. Let a = f + -1324. Does 53 divide a?
True
Let d = 8515 - 3843. Is d a multiple of 32?
True
Suppose -5*m - 10 = 0, 0 = 2*a - 6*m + 9*m + 10. Does 8 divide a/(-6) - 8628/(-36)?
True
Suppose -45*t = -44*t - 88. Suppose 5*a - t = -6*a. Let i = 128 - a. Does 24 divide i?
True
Let u(r) = -r**3 + r**2 + 70. Let v = 28 - 26. Suppose -v*g = -g. Is u(g) a multiple of 35?
True
Let m be 8/5*(-55)/(-22). Suppose m*x - 6 = -4*c - x, c = 3*x - 7. Does 18 divide -3*545/15*c?
False
Let r be 2 + -1 + 1/(-1). Let k be (-234)/130*50/(-6). Let s = k - r. Is s a multiple of 6?
False
Let q = 25 + -22. Suppose -4*g + 4 = -0, 0 = -5*b + q*g + 322. Let f = -52 + b. Is f a multiple of 13?
True
Let v(c) be the third derivative of c**6/120 - 7*c**5/60 + c**4/24 + c**3/3 - 19*c**2. Let t be v(7). Let q(p) = 18*p + 20. Is 12 a factor of q(t)?
False
Suppose 1621713 + 1091643 = 174*o. Is 23 a factor of o?
True
Let x(h) = h**2 + 12*h - 32. Suppose -2*l - 9 - 21 = 0. Let g be 6/l - 292/20. Is x(g) a multiple of 9?
False
Let r(n) = -n**3 + 11*n**2 - 9*n - 6. Let b(s) = -s**3 + 6*s**2 + 6*s + 16. Suppose 14*c - 9*c - 35 = 0. Let h be b(c). Is r(h) a multiple of 7?
False
Suppose 0 = -2*o + 10 + 2. Let b(h) = -2*h**2 + 46*h - 36. Let u be b(20). Suppose -3*c = 5*f - 63, -o*c + 2*c - 5*f = -u. Is c a multiple of 7?
True
Let w(o) = -o**3 - 7*o**2 - 8*o + 3. Let a = -2 + 7. Suppose -a*f + 0*h = h + 30, 2*h = -5*f - 30. Is 3 a factor of w(f)?
True
Let t = 46279 - 12319. Does 15 divide t?
True
Let l(s) = s**3 - 8*s**2 - 9*s + 3. Let b be l(9). Suppose -u + b*u = 10. Is (u - 11)*(-14)/3 a multiple of 4?
True
Let b be -18*((-1)/9)/((-13)/(-39)). Is -116*(-4)/8 - (2 - b) a multiple of 7?
False
Is 86 a factor of -1 + 6134 + (6 - 20)?
False
Suppose 0 = 2*i + 2*x - 5664, -2*x + 5*x - 14172 = -5*i. Is 86 a factor of i?
True
Let w(o) = -34*o + 56. Let u(a) = -18*a + 28. Let n(p) = 11*u(p) - 6*w(p). Let r be n(5). Suppose r*s - 25 = -0*d + 3*d, d - 20 = -s. Is 5 a factor of s?
False
Let y(k) = k**2 - 8*k + 38. Let t = 384 + -376. Does 19 divide y(t)?
True
Let h = 19 - 88. Let k = h + 173. Let l = k + -25. Is l a multiple of 15?
False
Suppose 2*m + 20 = 14, 2*m + 14 = 4*t. Is 55 a factor of -4 - (-279)/t*2?
True
Let s(t) = t**2 - 38*t + 36. Let m be s(29). Let o = 264 + m. Does 39 divide o?
True
Let d = 16481 + -10723. Is d a multiple of 44?
False
Suppose 5*w = -3*k + 2559, -5*w + 1711 = 16*k - 14*k. Let j = k + -315. Is 41 a factor of j?
True
Let a be ((-55)/10)/(-11)*1146. Suppose r + 3*f = f + 191, 3*r + 2*f = a. Does 32 divide r?
False
Suppose -2*d - 3 = -3*d. Suppose d*y - 35 = -5. Let m(a) = 7*a - 19. Is 8 a factor of m(y)?
False
Suppose 10*r - 581 = -2421. Let c = r + 269. Does 8 divide c?
False
Let l(a) = -5*a**2 + 8*a + 7. Let x be l(17). Let u be (4/6)/((-7)/x). Suppose 0 = -29*o + 31*o - u. Does 7 divide o?
False
Suppose -2 = 2*t - 10. Suppose 8*p - 4*z = t*p + 404, -z - 293 = -3*p. Suppose -5*m = 10, -2*s - 6*m + p = -10*m. Is s a multiple of 11?
True
Suppose 6*t + 522 = 2580. Suppose 7*m - t = 868. Does 16 divide m?
False
Let w = 36 - 36. Suppose 0 = k - 2*y - 2, 3*k = -w*k - 3*y + 6. Is 2*(k + -24)/(-2) - -2 a multiple of 12?
True
Is 62 a factor of (0 - 21)*(-18 - 12920/102)?
True
Let t(h) = -5*h**2 + 184*h + 26. Is t(6) a multiple of 38?
True
Let g = 5021 - -879. Is 43 a factor of g?
False
Let j(u) = 3*u**2 + 10*u - 73. Let m be j(11). Suppose -m = -12*o + 4*o. Is 2 a factor of o?
True
Let l(v) be the second derivative of v**5/20 + 4*v**4/3 - v**3 - 19*v**2/2 - 87*v. Does 37 divide l(-15)?
True
Let i(n) = 8*n**2 + 2*n + 4. Let f be i(3). Suppose -m + 7*l + 38 = 10*l, 5*m - 190 = 4*l. Let r = f - m. Is r a multiple of 4?
True
Suppose 31 = 4*b - 25. Suppose b = -3*g + 62. Is 2 + 2/2 - (-608)/g a multiple of 11?
False
Does 10 divide ((1 - -6) + 5)/(4/70)?
True
Suppose 64 = 2*c + 2*c. Let b(d) = -15*d + 10. Let z(x) = -27*x + 17. Let o(t) = -11*b(t) + 6*z(t). Is 8 a factor of o(c)?
True
Suppose 6*n - 3*n - 14 = -2*i, 0 = 3*n + 3*i - 15. Suppose -4*m - 5 - 3 = 0. Is 24 a factor of (n*37/m - -2)/(-1)?
True
Let p(c) = -39*c - 7. Let m be p(-5). Suppose 0*n + n - 4*w - 190 = 0, 5*w = n - m. Suppose -n = -u - 2*u. Is 37 a factor of u?
False
Let p(i) = -188*i - 1552. Is p(-89) a multiple of 25?
False
Let c be (-2)/(-6) + (-355)/(-15). Suppose -17*s - 308 = -c*s. Is s a multiple of 22?
True
Suppose 61*b - 336 = 85*b. Let p(l) = l**3 + 15*l**2 - 6*l - 32. Is p(b) a multiple of 8?
True
Suppose -23*t + 25*t = 5*a - 103315, 2*a - 2*t - 41332 = 0. Does 97 divide a?
True
Let y(l) = -20 + 12*l - l**3 + 40*l**2 - 110*l**2 + 54*l**2. Let m(a) = 18*a**3 - a. Let c be m(-1). Does 14 divide y(c)?
False
Let i(n) = -n**3 - 2*n**2 - 5*n - 7. Let o be i(-2). Suppose -2*s + o = -1317. Does 60 divide s?
True
Let p be 20/(-110) - (-35)/11. Suppose 2*u + 4*k = 584, -u + 4*k - p*k = -307. Is 39 a factor of u?
False
Suppose 5*j - 7226 = 13004. Does 119 divide j?
True
Let g be -7 + 8898/(1 + 5). Suppose 19*w = 7*w + g. Is w a multiple of 18?
False
Suppose 0 = -3*k + 2*h + 3906, -6510 = -5*k + 11*h - 13*h. Does 25 divide 426972/k - (-2)/31?
False
Does 11 divide (726/605)/(6/2510)?
False
Let z be -3*12/(-9) - 9. Let b(q) = 2*q**2 + 9*q - 1. Let j be b(z). Suppose 4*g = 2*g - 2*k + 138, 0 = -j*k + 12. Does 22 divide g?
True
Let h(t) = 3*t**2 + 14*t. Let r be h(-5). Suppose -7*y - r*y + 6936 = 0. Is 18 a factor of y?
False
Let j be (6 - -1)*(-4 + (-150)/(-35)). Suppose -18 = -5*h - 3*v + 35, -8 = j*v. Suppose -8*r = -h*r + 860. Does 24 divide r?
False
Let a(b) = -13*b - 114*b - 63 + 20*b. Does 61 divide a(-8)?
True
Suppose 36 + 9 = 2*w - 5*s, s = -w + 26. Let y = 2 + -2. Suppose y = 2*g - c - w, 3*g - c + 27 = 5*g. Is g even?
False
Let a be (16/5)/((-8)/(-20)). Suppose -4*h + 0 = t - a, 0 = t - 4*h + 8. Suppose 4*g - 80 - 32 = t. Is g a multiple of 14?
True
Let i(l) = -l**2 - 29*l + 21. Suppose 3*u + 5*g - 6*g = -78, 102 = -4*u + 2*g. Is 15 a factor of i(u)?
True
Let b be -19 + 20 - 72/(-1). Suppose -2*q = -41 - b. Does 6 divide q?
False
Suppose -13*g = -5*g - 46826 + 11626. Does 112 divide g?
False
Let i(b) = b**2 - 13*b + 45. Let m be i(5). Suppose -r + m*q = -1115, 4*r = 17*q - 18*q + 4523. Is r a multiple of 11?
False
Suppose 11 = f - 2*n, -1 = -3*f - 5*n + 3*n. Suppose f*x - 207 = -4*o, 0*o = o + x - 52. Does 14 divide (238/o)/(2/36)?
True
Let l(u) = 178*u + 730. Does 18 divide l(5)?
True
Is (-8 - -26)/(-7 - 507/(-72)) a multiple of 9?
True
Let h be ((-400)/(-65) - 6) + (-301)/13. Let w be ((-1)/2)/(h/(-5842)). Let a = w + 138. Does 3 divide a?
False
Let c = -337 - -339. Suppose 4*q - 28 + 4 = 0. Does 13 divide (168/18)/(c/q)?
False
Suppose 0 = -2*m - 0*m - 2. Let l(j) = -j**3 + 2*j**2 + 2*j - 198. Let y be l(0). Is (m - y/4)*2 a multiple of 30?
False
Let s be 2/31 + (-104)/1612. Suppose s = 10*g - 13*g + 102. Is g even?
True
Let n(m) = -3*m - 9 - 17*m - 4 + 0*m. Let l be n(-8). Suppose 9 - l = -3*s. Does 7 divide s?
False
Let k(n) = 3*n + 18. Let v be k(-9). Does 20 divide 319 + ((-2)/(-6))/((-3)/v)?
True
Suppose 25*o = 24 - 149. Does 23 divide (-18)/45 + (5344/o)/(-2)?
False
Let s be (-1 - -6)/10*2. Does 9 divide (3 - 1)/((-40)/(-36) - s)?
True
Let s be 14/2 + 3 + 1/1. Suppose 4*d + 5474 = s*d. Does 46 divide d?
True
Let h(d) = 984*d - 8041. Is h(11) a multiple of 221?
False
Suppose 54*i - 58*i + 3100 = 0. Let x = i + -220. Does 37 divide x?
True
Let t = 59111 + -39426. Is 115 a factor of t?
False
Let z = -5676 + 11701. Does 25 divide z?
True
Suppose -2852 = -8*s - 132. Let h = 515 - s. Is 35 a factor of h?
True
Suppose -f = -23*f. Suppose f = -y + 9 + 61. Does 14 divide y?
True
Let j(q) = -62*q**3 - 13*q**2 - 18*q + 5. Let c(h) = 30*h**3 + 6*h**2 + 9*h - 2. Let a(z) = -9*c(z) - 4*j(z). Is a(-2) a multiple of 9?
False
Let w be -2 - ((-13486)/9 - (-4)/9). Let c = 2780 - w. Does 21 divide c?
False
Let w(k) = -16*k + 11. Let t be (-6)/8*(17 - 13) + -11. Le